alse
Does 3 divide 131?
False
Is 8712 a multiple of 24?
True
Is 2960 a multiple of 37?
True
Is 1742 a multiple of 67?
True
Does 44 divide 11132?
True
Does 25 divide 11423?
False
Is 12 a factor of 8282?
False
Does 10 divide 156?
False
Does 17 divide 466?
False
Is 360 a multiple of 15?
True
Does 21 divide 1771?
False
Does 5 divide 464?
False
Is 1656 a multiple of 23?
True
Does 32 divide 1056?
True
Is 5872 a multiple of 4?
True
Is 2673 a multiple of 33?
True
Does 13 divide 5915?
True
Does 86 divide 1118?
True
Is 14 a factor of 31346?
True
Is 19 a factor of 1438?
False
Is 140 a multiple of 28?
True
Is 13 a factor of 1420?
False
Is 46 a factor of 4186?
True
Does 9 divide 6636?
False
Does 58 divide 2630?
False
Does 181 divide 43802?
True
Does 27 divide 1899?
False
Is 284 a multiple of 71?
True
Does 86 divide 2494?
True
Is 24136 a multiple of 8?
True
Is 580 a multiple of 10?
True
Does 6 divide 11132?
False
Is 31 a factor of 558?
True
Is 14 a factor of 994?
True
Does 40 divide 4760?
True
Is 69 a factor of 528?
False
Does 71 divide 10579?
True
Does 17 divide 1037?
True
Does 8 divide 6192?
True
Does 5 divide 1430?
True
Does 12 divide 32004?
True
Is 12 a factor of 13136?
False
Is 12 a factor of 4512?
True
Does 3 divide 69?
True
Is 5 a factor of 4483?
False
Is 53763 a multiple of 105?
False
Is 29 a factor of 232?
True
Does 11 divide 51?
False
Is 234 a multiple of 6?
True
Is 2905 a multiple of 107?
False
Is 48 a factor of 41118?
False
Is 109 a factor of 101397?
False
Does 24 divide 70106?
False
Is 68 a factor of 1789?
False
Does 6 divide 974?
False
Is 2 a factor of 739?
False
Does 13 divide 936?
True
Is 800 a multiple of 16?
True
Is 60 a factor of 4140?
True
Does 11 divide 1470?
False
Does 55 divide 17545?
True
Is 525 a multiple of 38?
False
Does 35 divide 1085?
True
Does 31 divide 16554?
True
Is 17 a factor of 1836?
True
Does 11 divide 1276?
True
Is 26 a multiple of 2?
True
Is 19 a factor of 330?
False
Is 60 a factor of 710?
False
Is 526 a multiple of 17?
False
Does 68 divide 1513?
False
Is 48 a factor of 1315?
False
Is 21888 a multiple of 32?
True
Is 20054 a multiple of 74?
True
Is 1934 a multiple of 21?
False
Is 12 a factor of 36564?
True
Does 58 divide 1682?
True
Does 87 divide 435?
True
Is 244 a multiple of 5?
False
Does 30 divide 4265?
False
Is 22392 a multiple of 36?
True
Is 3 a factor of 12?
True
Is 2 a factor of 522?
True
Does 7 divide 152?
False
Is 4081 a multiple of 77?
True
Does 80 divide 20733?
False
Is 33 a factor of 15708?
True
Is 1076 a multiple of 2?
True
Does 6 divide 179?
False
Is 1443 a multiple of 39?
True
Does 55 divide 6826?
False
Does 22 divide 166474?
True
Is 5 a factor of 865?
True
Is 3 a factor of 3?
True
Is 676 a multiple of 21?
False
Is 762 a multiple of 35?
False
Is 64 a factor of 3728?
False
Does 47 divide 1272?
False
Is 1122 a multiple of 22?
True
Is 91 a factor of 2274?
False
Does 7 divide 259?
True
Is 1265 a multiple of 11?
True
Is 91 a factor of 5551?
True
Is 51 a factor of 3540?
False
Is 1058 a multiple of 40?
False
Does 30 divide 797?
False
Does 66 divide 7260?
True
Is 9 a factor of 328?
False
Is 13 a factor of 5724?
False
Is 16473 a multiple of 12?
False
Is 25 a factor of 40308?
False
Is 7 a factor of 25105?
False
Is 317 even?
False
Does 2 divide 9?
False
Is 2516 a multiple of 12?
False
Is 55478 a multiple of 45?
False
Is 2414 a multiple of 17?
True
Does 10 divide 970?
True
Is 8928 a multiple of 124?
True
Is 1498 a multiple of 16?
False
Does 8 divide 112?
True
Is 73 a factor of 9928?
True
Does 37 divide 842?
False
Is 7 a factor of 1119?
False
Is 4 a factor of 875?
False
Is 1122 a multiple of 22?
True
Is 1330 a multiple of 19?
True
Does 256 divide 24576?
True
Is 3482 a multiple of 2?
True
Is 4310 a multiple of 15?
False
Is 585 a multiple of 39?
True
Is 6289 a multiple of 67?
False
Is 100 even?
True
Is 4380 a multiple of 59?
False
Is 16 a factor of 10872?
False
Is 17 a factor of 8262?
True
Is 2 a factor of 113?
False
Is 2537 a multiple of 35?
False
Is 834 even?
True
Does 19 divide 3952?
True
Is 899 a multiple of 29?
True
Is 537 a multiple of 17?
False
Is 117 a multiple of 77?
False
Is 16 a factor of 50400?
True
Is 2915 a multiple of 53?
True
Is 1626 a multiple of 16?
False
Is 11630 a multiple of 42?
False
Is 9 a factor of 459?
True
Is 4 a factor of 5556?
True
Is 210 a multiple of 21?
True
Is 510 a multiple of 11?
False
Does 5 divide 6457?
False
Does 161 divide 7962?
False
Is 15 a factor of 450?
True
Does 61 divide 11915?
False
Is 42 a factor of 4723?
False
Is 28 a factor of 6665?
False
Is 5254 a multiple of 13?
False
Does 8 divide 1733?
False
Does 7 divide 532?
True
Does 15 divide 12270?
True
Does 17 divide 72514?
False
Does 81 divide 404?
False
Is 7703 a multiple of 15?
False
Is 5 a factor of 341?
False
Is 364 a multiple of 10?
False
Does 8 divide 1111?
False
Does 10 divide 28865?
False
Is 96 a factor of 6816?
True
Does 22 divide 7722?
True
Is 2954 a multiple of 8?
False
Is 22 a factor of 692?
False
Does 5 divide 14371?
False
Does 167 divide 2672?
True
Does 190 divide 2660?
True
Is 26505 a multiple of 93?
True
Is 40 a factor of 5952?
False
Does 16 divide 443?
False
Is 32526 a multiple of 179?
False
Is 184 a multiple of 46?
True
Is 35990 a multiple of 59?
True
Is 39 a factor of 331?
False
Does 55 divide 495?
True
Is 6336 a multiple of 96?
True
Is 15728 a multiple of 26?
False
Is 8 a factor of 11680?
True
Is 9688 a multiple of 3?
False
Does 86 divide 138895?
False
Does 35 divide 10150?
True
Is 1547 a multiple of 17?
True
Is 437 a multiple of 23?
True
Is 1209 a multiple of 2?
False
Is 11 a factor of 682?
True
Is 140653 a multiple of 274?
False
Does 61 divide 915?
True
Is 710 a multiple of 15?
False
Does 14 divide 15400?
True
Is 3960 a multiple of 99?
True
Is 3 a factor of 87?
True
Is 1862 a multiple of 98?
True
Is 11 a factor of 8712?
True
Does 5 divide 244?
False
Is 1624 a multiple of 56?
True
Is 1704 a multiple of 94?
False
Is 22 a factor of 792?
True
Does 28 divide 5376?
True
Is 27286 a multiple of 33?
False
Is 11 a factor of 1969?
True
Is 18275 a multiple of 5?
True
Is 10098 a multiple of 66?
True
Is 8 a factor of 65504?
True
Does 7 divide 3668?
True
Does 29 divide 7404?
False
Is 1820 a multiple of 10?
True
Does 2 divide 201?
False
Does 31 divide 2228?
False
Is 290 a multiple of 29?
True
Is 1072 a multiple of 20?
False
Is 252 a multiple of 36?
True
Is 28 a factor of 5407?
False
Is 639 a multiple of 29?
False
Does 6 divide 6833?
False
Is 3 a factor of 37?
False
Is 17 a factor of 68?
True
Is 393 a factor of 141873?
True
Is 5 a factor of 71800?
True
Is 111 a multiple of 36?
False
Does 19 divide 4793?
False
Is 24580 a multiple of 20?
True
Is 311 a multiple of 7?
False
Does 13 divide 2823?
False
Is 11441 a multiple of 29?
False
Is 36 a factor of 864?
True
Is 2128 a multiple of 12?
False
Is 59 a factor of 62274?
False
Is 32412 a multiple of 58?
False
Does 13 divide 1435?
False
Is 11121 even?
False
Does 53 divide 1484?
True
Is 7 a factor of 90846?
True
Does 3 divide 1206?
True
Is 1543 even?
False
Does 6 divide 1410?
True
Is 1868 a multiple of 32?
False
Is 51 a factor of 45361?
False
Is 10 a factor of 5869?
False
Does 22 divide 33063?
False
Is 128 a multiple of 16?
True
Is 16 a factor of 931?
False
Is 615 a multiple of 20?
False
Is 12 a factor of 8645?
False
Does 34 divide 15206?
False
Is 25 a factor of 575?
True
Is 58 a factor of 49532?
True
Is 12 a factor of 864?
True
Does 13 divide 15843?
False
Is 2533 a multiple of 17?
True
Is 27 a factor of 24975?
True
Is 5950 a multiple of 232?
False
Does 18 divide 1638?
True
Is 1655 a multiple of 30?
False
Does 7 divide 2793?
True
Is 68 a factor of 67320?
True
Is 4680 a multiple of 5?
True
Does 7 divide 110?
False
Does 10 divide 8260?
True
Does 173 divide 9017?
False
Is 28 a factor of 2022?
False
Is 104 a multiple of 34?
False
Is 1907 a multiple of 24?
False
Is 57 a multiple of 6?
False
Does 24 divide 21813?
False
Is 19 a factor of 3275?
False
Does 5 divide 1200?
True
Does 13 divide 3224?
True
Is 1407 a multiple of 21?
True
Does 14 divide 3139?
False
Does 38 divide 1725?
False
Is 7281 a multiple of 3?
True
Is 36 a factor of 49752?
True
Is 13542 a multiple of 12?
False
Is 9 a factor of 55359?
True
Is 5 a factor of 302?
False
Is 86 a factor of 2785?
False
Is 91 even?
False
Does 40 di